[INFO] cloning repository https://github.com/coder543/asterias
[INFO] running `Command { std: "git" "-c" "credential.helper=" "-c" "credential.helper=/workspace/cargo-home/bin/git-credential-null" "clone" "--bare" "https://github.com/coder543/asterias" "/workspace/cache/git-repos/https%3A%2F%2Fgithub.com%2Fcoder543%2Fasterias", kill_on_drop: false }`
[INFO] [stderr] Cloning into bare repository '/workspace/cache/git-repos/https%3A%2F%2Fgithub.com%2Fcoder543%2Fasterias'...
[INFO] running `Command { std: "git" "rev-parse" "HEAD", kill_on_drop: false }`
[INFO] [stdout] 67f60b43693583f73fbc80bcf34001c300b3d52f
[INFO] checking coder543/asterias against try#72f88fc4e9458f89516a0b8b0868f3718aec5b47 for pr-74989
[INFO] running `Command { std: "git" "clone" "/workspace/cache/git-repos/https%3A%2F%2Fgithub.com%2Fcoder543%2Fasterias" "/workspace/builds/worker-9/source", kill_on_drop: false }`
[INFO] [stderr] Cloning into '/workspace/builds/worker-9/source'...
[INFO] [stderr] done.
[INFO] validating manifest of git repo https://github.com/coder543/asterias on toolchain 72f88fc4e9458f89516a0b8b0868f3718aec5b47
[INFO] running `Command { std: "/workspace/cargo-home/bin/cargo" "+72f88fc4e9458f89516a0b8b0868f3718aec5b47" "read-manifest" "--manifest-path" "Cargo.toml", kill_on_drop: false }`
[INFO] started tweaking git repo https://github.com/coder543/asterias
[INFO] finished tweaking git repo https://github.com/coder543/asterias
[INFO] tweaked toml for git repo https://github.com/coder543/asterias written to /workspace/builds/worker-9/source/Cargo.toml
[INFO] crate git repo https://github.com/coder543/asterias already has a lockfile, it will not be regenerated
[INFO] running `Command { std: "/workspace/cargo-home/bin/cargo" "+72f88fc4e9458f89516a0b8b0868f3718aec5b47" "fetch" "--locked" "--manifest-path" "Cargo.toml", kill_on_drop: false }`
[INFO] [stderr]     Updating git repository `https://github.com/AngryLawyer/rust-sdl2.git`
[INFO] [stderr] error: the lock file /workspace/builds/worker-9/source/Cargo.lock needs to be updated but --locked was passed to prevent this
[INFO] [stderr] If you want to try to generate the lock file without accessing the network, use the --offline flag.
[INFO] the lockfile is outdated, regenerating it
[INFO] running `Command { std: "/workspace/cargo-home/bin/cargo" "+72f88fc4e9458f89516a0b8b0868f3718aec5b47" "generate-lockfile" "--manifest-path" "Cargo.toml" "-Zno-index-update", kill_on_drop: false }`
[INFO] [stderr]     Updating git repository `https://github.com/AngryLawyer/rust-sdl2.git`
[INFO] running `Command { std: "/workspace/cargo-home/bin/cargo" "+72f88fc4e9458f89516a0b8b0868f3718aec5b47" "fetch" "--locked" "--manifest-path" "Cargo.toml", kill_on_drop: false }`
[INFO] [stderr]     Blocking waiting for file lock on package cache
[INFO] running `Command { std: "docker" "create" "-v" "/var/lib/crater-agent-workspace/builds/worker-9/target:/opt/rustwide/target:rw,Z" "-v" "/var/lib/crater-agent-workspace/builds/worker-9/source:/opt/rustwide/workdir:ro,Z" "-v" "/var/lib/crater-agent-workspace/cargo-home:/opt/rustwide/cargo-home:ro,Z" "-v" "/var/lib/crater-agent-workspace/rustup-home:/opt/rustwide/rustup-home:ro,Z" "-e" "SOURCE_DIR=/opt/rustwide/workdir" "-e" "CARGO_TARGET_DIR=/opt/rustwide/target" "-e" "CARGO_HOME=/opt/rustwide/cargo-home" "-e" "RUSTUP_HOME=/opt/rustwide/rustup-home" "-w" "/opt/rustwide/workdir" "-m" "1610612736" "--user" "0:0" "--network" "none" "rustops/crates-build-env@sha256:d92eaeed33fa75130ca1ee6c8a01d1ffb62bac859dfdfb3450e3e5d1c0146529" "/opt/rustwide/cargo-home/bin/cargo" "+72f88fc4e9458f89516a0b8b0868f3718aec5b47" "metadata" "--no-deps" "--format-version=1", kill_on_drop: false }`
[INFO] [stdout] 30053f77e51fc2458d4c934946b120e7fcca3f17e53f1aba6c8ad93a3e47fb3f
[INFO] [stderr] WARNING: Your kernel does not support swap limit capabilities or the cgroup is not mounted. Memory limited without swap.
[INFO] running `Command { std: "docker" "start" "-a" "30053f77e51fc2458d4c934946b120e7fcca3f17e53f1aba6c8ad93a3e47fb3f", kill_on_drop: false }`
[INFO] running `Command { std: "docker" "inspect" "30053f77e51fc2458d4c934946b120e7fcca3f17e53f1aba6c8ad93a3e47fb3f", kill_on_drop: false }`
[INFO] running `Command { std: "docker" "rm" "-f" "30053f77e51fc2458d4c934946b120e7fcca3f17e53f1aba6c8ad93a3e47fb3f", kill_on_drop: false }`
[INFO] [stdout] 30053f77e51fc2458d4c934946b120e7fcca3f17e53f1aba6c8ad93a3e47fb3f
[INFO] running `Command { std: "docker" "create" "-v" "/var/lib/crater-agent-workspace/builds/worker-9/target:/opt/rustwide/target:rw,Z" "-v" "/var/lib/crater-agent-workspace/builds/worker-9/source:/opt/rustwide/workdir:ro,Z" "-v" "/var/lib/crater-agent-workspace/cargo-home:/opt/rustwide/cargo-home:ro,Z" "-v" "/var/lib/crater-agent-workspace/rustup-home:/opt/rustwide/rustup-home:ro,Z" "-e" "SOURCE_DIR=/opt/rustwide/workdir" "-e" "CARGO_TARGET_DIR=/opt/rustwide/target" "-e" "CARGO_INCREMENTAL=0" "-e" "RUST_BACKTRACE=full" "-e" "RUSTFLAGS=--cap-lints=forbid" "-e" "CARGO_HOME=/opt/rustwide/cargo-home" "-e" "RUSTUP_HOME=/opt/rustwide/rustup-home" "-w" "/opt/rustwide/workdir" "-m" "1610612736" "--user" "0:0" "--network" "none" "rustops/crates-build-env@sha256:d92eaeed33fa75130ca1ee6c8a01d1ffb62bac859dfdfb3450e3e5d1c0146529" "/opt/rustwide/cargo-home/bin/cargo" "+72f88fc4e9458f89516a0b8b0868f3718aec5b47" "check" "--frozen" "--all" "--all-targets" "--message-format=json", kill_on_drop: false }`
[INFO] [stderr] WARNING: Your kernel does not support swap limit capabilities or the cgroup is not mounted. Memory limited without swap.
[INFO] [stdout] dc431d1d8b0cd41ab5c3b1eaacbe1d86615ad5120f0bfdcd648e9e7045566815
[INFO] running `Command { std: "docker" "start" "-a" "dc431d1d8b0cd41ab5c3b1eaacbe1d86615ad5120f0bfdcd648e9e7045566815", kill_on_drop: false }`
[INFO] [stderr]    Compiling version-compare v0.0.10
[INFO] [stderr]    Compiling sdl2 v0.34.3 (https://github.com/AngryLawyer/rust-sdl2.git#665b9c8c)
[INFO] [stderr]    Compiling sdl2-sys v0.34.3 (https://github.com/AngryLawyer/rust-sdl2.git#665b9c8c)
[INFO] [stderr]     Checking asterias v0.0.1 (/opt/rustwide/workdir)
[INFO] [stdout] error[E0432]: unresolved import `sdl2::video::OPENGL`
[INFO] [stdout]  --> src/asterias/lib.rs:7:38
[INFO] [stdout]   |
[INFO] [stdout] 7 | use sdl2::video::{WindowPos, Window, OPENGL};
[INFO] [stdout]   |                                      ^^^^^^ no `OPENGL` in `video`
[INFO] [stdout] 
[INFO] [stdout] 
[INFO] [stdout] error[E0432]: unresolved import `sdl2::video::OPENGL`
[INFO] [stdout]  --> src/asterias/lib.rs:7:38
[INFO] [stdout]   |
[INFO] [stdout] 7 | use sdl2::video::{WindowPos, Window, OPENGL};
[INFO] [stdout]   |                                      ^^^^^^ no `OPENGL` in `video`
[INFO] [stdout] 
[INFO] [stdout] 
[INFO] [stdout] error[E0433]: failed to resolve: could not find `Renderer` in `render`
[INFO] [stdout]   --> src/asterias/lib.rs:33:34
[INFO] [stdout]    |
[INFO] [stdout] 33 |             renderer: match sdl2::render::Renderer::from_window(window, sdl2::render::RenderDriverIndex::Auto, sdl2::render::ACCELERATED) {
[INFO] [stdout]    |                                           ^^^^^^^^ could not find `Renderer` in `render`
[INFO] [stdout] 
[INFO] [stdout] 
[INFO] [stdout] error[E0433]: failed to resolve: could not find `RenderDriverIndex` in `render`
[INFO] [stdout]   --> src/asterias/lib.rs:33:78
[INFO] [stdout]    |
[INFO] [stdout] 33 |             renderer: match sdl2::render::Renderer::from_window(window, sdl2::render::RenderDriverIndex::Auto, sdl2::render::ACCELERATED) {
[INFO] [stdout]    |                                                                                       ^^^^^^^^^^^^^^^^^ could not find `RenderDriverIndex` in `render`
[INFO] [stdout] 
[INFO] [stdout] 
[INFO] [stdout] error[E0412]: cannot find type `Renderer` in module `sdl2::render`
[INFO] [stdout]   --> src/asterias/button.rs:29:46
[INFO] [stdout]    |
[INFO] [stdout] 29 |     fn draw(&mut self, renderer: &sdl2::render::Renderer) -> bool {
[INFO] [stdout]    |                                                 ^^^^^^^^ not found in `sdl2::render`
[INFO] [stdout] 
[INFO] [stdout] 
[INFO] [stdout] error[E0412]: cannot find type `Renderer` in module `sdl2::render`
[INFO] [stdout]  --> src/asterias/control.rs:3:46
[INFO] [stdout]   |
[INFO] [stdout] 3 |     fn draw(&mut self, renderer: &sdl2::render::Renderer) -> bool;
[INFO] [stdout]   |                                                 ^^^^^^^^ not found in `sdl2::render`
[INFO] [stdout] 
[INFO] [stdout] 
[INFO] [stdout] error[E0412]: cannot find type `Renderer` in module `sdl2::render`
[INFO] [stdout]   --> src/asterias/lib.rs:18:26
[INFO] [stdout]    |
[INFO] [stdout] 18 |     renderer: sdl2::render::Renderer,
[INFO] [stdout]    |                             ^^^^^^^^ not found in `sdl2::render`
[INFO] [stdout] 
[INFO] [stdout] 
[INFO] [stdout] error[E0425]: cannot find value `ACCELERATED` in module `sdl2::render`
[INFO] [stdout]   --> src/asterias/lib.rs:33:117
[INFO] [stdout]    |
[INFO] [stdout] 33 |             renderer: match sdl2::render::Renderer::from_window(window, sdl2::render::RenderDriverIndex::Auto, sdl2::render::ACCELERATED) {
[INFO] [stdout]    |                                                                                                                              ^^^^^^^^^^^ not found in `sdl2::render`
[INFO] [stdout] 
[INFO] [stdout] 
[INFO] [stdout] error[E0425]: cannot find value `INIT_EVERYTHING` in crate `sdl2`
[INFO] [stdout]   --> src/asterias/lib.rs:87:43
[INFO] [stdout]    |
[INFO] [stdout] 87 |             sdl_context: sdl2::init(sdl2::INIT_EVERYTHING).unwrap() 
[INFO] [stdout]    |                                           ^^^^^^^^^^^^^^^ not found in `sdl2`
[INFO] [stdout] 
[INFO] [stdout] 
[INFO] [stdout] error[E0603]: module `sdl` is private
[INFO] [stdout]   --> src/asterias/lib.rs:80:24
[INFO] [stdout]    |
[INFO] [stdout] 80 |     sdl_context: sdl2::sdl::Sdl
[INFO] [stdout]    |                        ^^^ private module
[INFO] [stdout]    |
[INFO] [stdout] note: the module `sdl` is defined here
[INFO] [stdout]   --> /opt/rustwide/cargo-home/git/checkouts/rust-sdl2-aa1d9d20b5a2d833/665b9c8/src/sdl2/lib.rs:86:1
[INFO] [stdout]    |
[INFO] [stdout] 86 | mod sdl;
[INFO] [stdout]    | ^^^^^^^^
[INFO] [stdout] 
[INFO] [stdout] 
[INFO] [stdout] warning: unused import: `std::time::Duration`
[INFO] [stdout]   --> src/asterias/lib.rs:11:5
[INFO] [stdout]    |
[INFO] [stdout] 11 | use std::time::Duration;
[INFO] [stdout]    |     ^^^^^^^^^^^^^^^^^^^
[INFO] [stdout]    |
[INFO] [stdout]    = note: `#[warn(unused_imports)]` on by default
[INFO] [stdout] 
[INFO] [stdout] 
[INFO] [stdout] warning: trait objects without an explicit `dyn` are deprecated
[INFO] [stdout]   --> src/asterias/lib.rs:19:20
[INFO] [stdout]    |
[INFO] [stdout] 19 |     controls: Vec<Box<Control + 'static>>,
[INFO] [stdout]    |                       ^^^^^^^^^^^^^^^^^ help: use `dyn`: `dyn Control + 'static`
[INFO] [stdout]    |
[INFO] [stdout]    = note: `#[warn(bare_trait_objects)]` on by default
[INFO] [stdout] 
[INFO] [stdout] 
[INFO] [stdout] warning: trait objects without an explicit `dyn` are deprecated
[INFO] [stdout]   --> src/asterias/lib.rs:54:45
[INFO] [stdout]    |
[INFO] [stdout] 54 |     pub fn add_control(&mut self, control: Box<Control + 'static>) {
[INFO] [stdout]    |                                                ^^^^^^^^^^^^^^^^^ help: use `dyn`: `dyn Control + 'static`
[INFO] [stdout] 
[INFO] [stdout] 
[INFO] [stdout] error[E0433]: failed to resolve: could not find `Renderer` in `render`
[INFO] [stdout]   --> src/asterias/lib.rs:33:34
[INFO] [stdout]    |
[INFO] [stdout] 33 |             renderer: match sdl2::render::Renderer::from_window(window, sdl2::render::RenderDriverIndex::Auto, sdl2::render::ACCELERATED) {
[INFO] [stdout]    |                                           ^^^^^^^^ could not find `Renderer` in `render`
[INFO] [stdout] 
[INFO] [stdout] 
[INFO] [stdout] error[E0433]: failed to resolve: could not find `RenderDriverIndex` in `render`
[INFO] [stdout]   --> src/asterias/lib.rs:33:78
[INFO] [stdout]    |
[INFO] [stdout] 33 |             renderer: match sdl2::render::Renderer::from_window(window, sdl2::render::RenderDriverIndex::Auto, sdl2::render::ACCELERATED) {
[INFO] [stdout]    |                                                                                       ^^^^^^^^^^^^^^^^^ could not find `RenderDriverIndex` in `render`
[INFO] [stdout] 
[INFO] [stdout] 
[INFO] [stdout] error[E0412]: cannot find type `Renderer` in module `sdl2::render`
[INFO] [stdout]   --> src/asterias/button.rs:29:46
[INFO] [stdout]    |
[INFO] [stdout] 29 |     fn draw(&mut self, renderer: &sdl2::render::Renderer) -> bool {
[INFO] [stdout]    |                                                 ^^^^^^^^ not found in `sdl2::render`
[INFO] [stdout] 
[INFO] [stdout] 
[INFO] [stdout] error[E0412]: cannot find type `Renderer` in module `sdl2::render`
[INFO] [stdout]  --> src/asterias/control.rs:3:46
[INFO] [stdout]   |
[INFO] [stdout] 3 |     fn draw(&mut self, renderer: &sdl2::render::Renderer) -> bool;
[INFO] [stdout]   |                                                 ^^^^^^^^ not found in `sdl2::render`
[INFO] [stdout] 
[INFO] [stdout] 
[INFO] [stdout] error[E0412]: cannot find type `Renderer` in module `sdl2::render`
[INFO] [stdout]   --> src/asterias/lib.rs:18:26
[INFO] [stdout]    |
[INFO] [stdout] 18 |     renderer: sdl2::render::Renderer,
[INFO] [stdout]    |                             ^^^^^^^^ not found in `sdl2::render`
[INFO] [stdout] 
[INFO] [stdout] 
[INFO] [stdout] error[E0425]: cannot find value `ACCELERATED` in module `sdl2::render`
[INFO] [stdout]   --> src/asterias/lib.rs:33:117
[INFO] [stdout]    |
[INFO] [stdout] 33 |             renderer: match sdl2::render::Renderer::from_window(window, sdl2::render::RenderDriverIndex::Auto, sdl2::render::ACCELERATED) {
[INFO] [stdout]    |                                                                                                                              ^^^^^^^^^^^ not found in `sdl2::render`
[INFO] [stdout] 
[INFO] [stdout] 
[INFO] [stdout] error[E0425]: cannot find value `INIT_EVERYTHING` in crate `sdl2`
[INFO] [stdout]   --> src/asterias/lib.rs:87:43
[INFO] [stdout]    |
[INFO] [stdout] 87 |             sdl_context: sdl2::init(sdl2::INIT_EVERYTHING).unwrap() 
[INFO] [stdout]    |                                           ^^^^^^^^^^^^^^^ not found in `sdl2`
[INFO] [stdout] 
[INFO] [stdout] 
[INFO] [stdout] error[E0603]: module `sdl` is private
[INFO] [stdout]   --> src/asterias/lib.rs:80:24
[INFO] [stdout]    |
[INFO] [stdout] 80 |     sdl_context: sdl2::sdl::Sdl
[INFO] [stdout]    |                        ^^^ private module
[INFO] [stdout]    |
[INFO] [stdout] note: the module `sdl` is defined here
[INFO] [stdout]   --> /opt/rustwide/cargo-home/git/checkouts/rust-sdl2-aa1d9d20b5a2d833/665b9c8/src/sdl2/lib.rs:86:1
[INFO] [stdout]    |
[INFO] [stdout] 86 | mod sdl;
[INFO] [stdout]    | ^^^^^^^^
[INFO] [stdout] 
[INFO] [stdout] 
[INFO] [stdout] warning: unused import: `std::time::Duration`
[INFO] [stdout]   --> src/asterias/lib.rs:11:5
[INFO] [stdout]    |
[INFO] [stdout] 11 | use std::time::Duration;
[INFO] [stdout]    |     ^^^^^^^^^^^^^^^^^^^
[INFO] [stdout]    |
[INFO] [stdout]    = note: `#[warn(unused_imports)]` on by default
[INFO] [stdout] 
[INFO] [stdout] 
[INFO] [stdout] warning: trait objects without an explicit `dyn` are deprecated
[INFO] [stdout]   --> src/asterias/lib.rs:19:20
[INFO] [stdout]    |
[INFO] [stdout] 19 |     controls: Vec<Box<Control + 'static>>,
[INFO] [stdout]    |                       ^^^^^^^^^^^^^^^^^ help: use `dyn`: `dyn Control + 'static`
[INFO] [stdout]    |
[INFO] [stdout]    = note: `#[warn(bare_trait_objects)]` on by default
[INFO] [stdout] 
[INFO] [stdout] 
[INFO] [stdout] warning: trait objects without an explicit `dyn` are deprecated
[INFO] [stdout]   --> src/asterias/lib.rs:54:45
[INFO] [stdout]    |
[INFO] [stdout] 54 |     pub fn add_control(&mut self, control: Box<Control + 'static>) {
[INFO] [stdout]    |                                                ^^^^^^^^^^^^^^^^^ help: use `dyn`: `dyn Control + 'static`
[INFO] [stdout] 
[INFO] [stdout] 
[INFO] [stdout] error[E0277]: the trait bound `button::Button: Clone` is not satisfied
[INFO] [stdout]    --> src/asterias/button.rs:10:6
[INFO] [stdout]     |
[INFO] [stdout] 10  | impl Copy for Button {}
[INFO] [stdout]     |      ^^^^ the trait `Clone` is not implemented for `button::Button`
[INFO] [stdout] 
[INFO] [stdout] 
[INFO] [stdout] error[E0277]: the trait bound `button::Button: Clone` is not satisfied
[INFO] [stdout]    --> src/asterias/button.rs:10:6
[INFO] [stdout]     |
[INFO] [stdout] 10  | impl Copy for Button {}
[INFO] [stdout]     |      ^^^^ the trait `Clone` is not implemented for `button::Button`
[INFO] [stdout] 
[INFO] [stdout] 
[INFO] [stdout] error: aborting due to 10 previous errors; 3 warnings emitted
[INFO] [stdout] 
[INFO] [stdout] 
[INFO] [stdout] Some errors have detailed explanations: E0277, E0412, E0425, E0432, E0433, E0603.
[INFO] [stdout] 
[INFO] [stdout] For more information about an error, try `rustc --explain E0277`.
[INFO] [stdout] 
[INFO] [stderr] error: could not compile `asterias`.
[INFO] [stderr] 
[INFO] [stderr] To learn more, run the command again with --verbose.
[INFO] [stderr] warning: build failed, waiting for other jobs to finish...
[INFO] [stdout] error: aborting due to 10 previous errors; 3 warnings emitted
[INFO] [stdout] 
[INFO] [stdout] 
[INFO] [stdout] Some errors have detailed explanations: E0277, E0412, E0425, E0432, E0433, E0603.
[INFO] [stdout] 
[INFO] [stdout] For more information about an error, try `rustc --explain E0277`.
[INFO] [stdout] 
[INFO] [stderr] error: build failed
[INFO] running `Command { std: "docker" "inspect" "dc431d1d8b0cd41ab5c3b1eaacbe1d86615ad5120f0bfdcd648e9e7045566815", kill_on_drop: false }`
[INFO] running `Command { std: "docker" "rm" "-f" "dc431d1d8b0cd41ab5c3b1eaacbe1d86615ad5120f0bfdcd648e9e7045566815", kill_on_drop: false }`
[INFO] [stdout] dc431d1d8b0cd41ab5c3b1eaacbe1d86615ad5120f0bfdcd648e9e7045566815
